19
What is the greatest common factor of 7 and 29120?
7
What is the greatest common divisor of 1024 and 8?
8
Calculate the greatest common divisor of 64 and 1024.
64
What is the greatest common factor of 17 and 2074?
17
Calculate the highest common factor of 667 and 203.
29
Calculate the greatest common divisor of 462 and 567.
21
What is the greatest common factor of 208 and 128?
16
Calculate the greatest common factor of 280 and 6335.
35
What is the greatest common divisor of 289 and 136?
17
Calculate the highest common factor of 144 and 2232.
72
Calculate the highest common factor of 2964 and 936.
156
Calculate the greatest common divisor of 5589 and 243.
243
What is the greatest common factor of 832 and 16?
16
What is the highest common divisor of 437 and 506?
23
Calculate the greatest common factor of 108 and 300.
12
What is the highest common divisor of 4930 and 116?
58
What is the greatest common divisor of 120 and 342?
6
Calculate the highest common divisor of 7587 and 135.
27
What is the greatest common factor of 14 and 12362?
14
Calculate the highest common divisor of 265 and 7791.
53
Calculate the greatest common divisor of 1896 and 79.
79
Calculate the highest common factor of 270 and 5778.
54
Calculate the highest common factor of 9 and 909.
9
What is the highest common factor of 416 and 13?
13
Calculate the highest common factor of 493 and 68.
17
What is the highest common factor of 40 and 55?
5
What is the greatest common factor of 3784 and 22?
22
What is the greatest common factor of 15 and 255?
15
Calculate the greatest common divisor of 16 and 36.
4
What is the greatest common divisor of 12334 and 14?
14
Calculate the greatest common divisor of 154 and 1001.
77
Calculate the greatest common divisor of 64 and 216.
8
What is the greatest common divisor of 2556 and 180?
36
What is the greatest common factor of 21 and 747?
3
Calculate the highest common factor of 272 and 340.
68
Calculate the greatest common divisor of 75 and 400.
25
Calculate the greatest common factor of 128 and 1072.
16
What is the highest common divisor of 30 and 170?
10
Calculate the greatest common divisor of 403 and 279.
31
Calculate the greatest common divisor of 16 and 28.
4
Calculate the greatest common divisor of 16 and 280.
8
Calculate the greatest common divisor of 30668 and 17.
17
Calculate the greatest common divisor of 53 and 1060.
53
Calculate the highest common factor of 31 and 21173.
31
What is the highest common factor of 68 and 4318?
34
What is the greatest common factor of 168 and 252?
84
What is the highest common factor of 31 and 248?
31
What is the highest common factor of 116 and 145?
29
What is the highest common factor of 10 and 2410?
10
Calculate the greatest common divisor of 2106 and 52.
26
What is the greatest common divisor of 875 and 28?
7
Calculate the highest common divisor of 93 and 23808.
93
Calculate the highest common divisor of 77 and 21.
7
What is the highest common divisor of 170 and 320?
10
Calculate the greatest common factor of 21 and 357.
21
Calculate the greatest common factor of 102 and 6222.
102
What is the highest common divisor of 513 and 19?
19
Calculate the greatest common divisor of 18 and 14.
2
What is the greatest common divisor of 1486 and 6?
2
Calculate the greatest common divisor of 2 and 146.
2
Calculate the greatest common divisor of 480 and 620.
20
Calculate the greatest common factor of 1313 and 832.
13
What is the greatest common divisor of 58 and 232?
58
What is the highest common divisor of 1212 and 12?
12
Calculate the greatest common divisor of 3 and 89.
1
What is the highest common factor of 3929 and 1?
1
What is the greatest common factor of 1 and 11?
1
Calculate the highest common factor of 153 and 36.
9
What is the greatest common divisor of 5673 and 93?
93
Calculate the highest common divisor of 3384 and 90.
18
Calculate the highest common divisor of 6 and 35274.
6
What is the highest common divisor of 80 and 8?
8
What is the greatest common factor of 92 and 3542?
46
What is the greatest common factor of 16407 and 9?
9
Calculate the greatest common divisor of 920 and 5336.
184
Calculate the highest common factor of 69 and 57.
3
What is the highest common factor of 60 and 60?
60
Calculate the highest common divisor of 325 and 1675.
25
Calculate the highest common divisor of 5872 and 24.
8
What is the highest common factor of 56 and 580?
4
Calculate the highest common factor of 59 and 472.
59
What is the highest common factor of 128 and 2368?
64
What is the greatest common factor of 20 and 13140?
20
Calculate the highest common factor of 1001 and 273.
91
What is the greatest common divisor of 2525 and 25?
25
What is the highest common divisor of 32220 and 10?
10
Calculate the greatest common divisor of 848 and 12.
4
What is the greatest common factor of 176 and 8?
8
What is the greatest common factor of 376 and 62792?
376
What is the highest common divisor of 114 and 171?
57
What is the greatest common factor of 387 and 27?
9
What is the greatest common factor of 148 and 962?
74
What is the highest common divisor of 10460 and 10?
10
Calculate the greatest common factor of 13694 and 82.
82
Calculate the highest common factor of 236 and 120.
4
What is the highest common divisor of 75 and 275?
25
Calculate the highest common factor of 1136 and 71.
71
Calculate the greatest common divisor of 776 and 16.
8
What is the highest common factor of 85 and 2295?
85
What is the highest common divisor of 11 and 297?
11
What is the highest common factor of 28 and 3388?
28
Calculate the greatest common divisor of 2747 and 67.
67
Calculate the greatest common divisor of 1395 and 18.
9
Calculate the highest common divisor of 24 and 20136.
24
Calculate the highest common factor of 54 and 1134.
54
Calculate the highest common divisor of 50 and 450.
50
Calculate the highest common divisor of 152 and 418.
38
Calculate the greatest common divisor of 16 and 272.
16
Calculate the highest common divisor of 12 and 978.
6
Calculate the greatest common divisor of 90 and 1305.
45
What is the highest common factor of 2169 and 27?
9
Calculate the highest common factor of 2400 and 750.
150
Calculate the highest common factor of 6 and 243.
3
What is the greatest common factor of 135 and 15480?
45
Calculate the greatest common factor of 1827 and 1764.
63
Calculate the highest common factor of 355 and 1917.
71
What is the greatest common factor of 935 and 17?
17
Calculate the greatest common divisor of 8 and 4.
4
What is the greatest common factor of 68 and 1649?
17
What is the greatest common divisor of 6732 and 297?
99
What is the highest common divisor of 46 and 46?
46
What is the greatest common factor of 1560 and 480?
120
What is the highest common divisor of 24 and 192?
24
Calculate the highest common divisor of 810 and 195.
15
Calculate the highest common divisor of 14 and 58.
2
Calculate the highest common factor of 42419 and 502.
251
What is the highest common factor of 7048 and 8?
8
What is the greatest common divisor of 59 and 8?
1
What is the greatest common factor of 33 and 55?
11
What is the highest common divisor of 15 and 15705?
15
What is the highest common factor of 1909 and 92?
23
What is the greatest common divisor of 225 and 495?
45
What is the highest common factor of 986 and 17?
17
Calculate the highest common divisor of 107 and 13803.
107
What is the highest common factor of 78 and 138?
6
What is the greatest common factor of 9758 and 1435?
287
Calculate the greatest common factor of 2 and 49.
1
Calculate the highest common divisor of 48 and 112.
16
What is the highest common divisor of 1359 and 9?
9
What is the highest common factor of 90 and 66?
6
What is the greatest common divisor of 141 and 4841?
47
Calculate the highest common divisor of 234 and 390.
78
What is the greatest common factor of 2162 and 138?
46
Calculate the highest common factor of 640 and 50.
10
What is the highest common divisor of 2286 and 27?
9
What is the highest common factor of 801 and 623?
89
What is the highest common factor of 192 and 1024?
64
What is the greatest common divisor of 116 and 50576?
116
Calculate the greatest common factor of 2282 and 28.
14
Calculate the highest common divisor of 44 and 1034.
22
What is th